) = o**3 + 11*o**2 + 11*o + 3. Calculate j(-10).
-7
Let d(y) = -y**2 - 6*y + 10. Determine d(-7).
3
Let i(r) = -6*r - 23. What is i(-7)?
19
Let h(x) = -x**2 + 14*x + 23. Give h(14).
23
Let u(d) = d. Give u(-4).
-4
Let c(y) = -7*y**2 - 9*y + 12. Give c(1).
-4
Let t(z) = 15*z**2 - 3*z - 4. Give t(-1).
14
Let i(l) = -4*l + 3. Give i(-1).
7
Let u(k) = -6*k. Give u(-1).
6
Let f(p) = p**3 + p**2 - 13. Give f(-3).
-31
Let x(r) = 2*r**2 - 20. What is x(6)?
52
Let r(t) = 17*t - 2. Give r(2).
32
Let i(v) = -v**2 + v + 2. Calculate i(2).
0
Let w(h) = -5*h**2 + 35*h - 21. Give w(6).
9
Let t(a) = -a**3 + a**2 + 18*a - 8. Calculate t(4).
16
Let f(x) = 36*x. Give f(-1).
-36
Let r(o) = 3*o + 15. Calculate r(-6).
-3
Let c(i) = 2*i**2 + 5*i + 4. Determine c(-5).
29
Let n(l) = 25*l**3 - l. What is n(-1)?
-24
Let y(d) = -d**3 - 9*d**2 + 5*d + 10. Give y(-9).
-35
Let t(q) = -34*q - 403. What is t(-11)?
-29
Let o(i) = i**3 - 7*i**2 + 7*i + 8. Give o(5).
-7
Let y(c) = c**2 - 10*c. Give y(7).
-21
Let t(n) = -27*n + 188. Give t(7).
-1
Let a(p) = -p**3 + p**2 + 2*p + 2. What is a(3)?
-10
Let l(a) = -a**3 + 10*a**2 + 11*a + 3. Determine l(11).
3
Let c(h) = -6*h + 4. Determine c(0).
4
Let m(w) = -8*w - 63. Determine m(-8).
1
Let g(i) = -2*i**2 - 4*i + 1. Calculate g(-3).
-5
Let p(d) = d**3 - 7*d**2 - 11*d + 2. Calculate p(9).
65
Let t(r) = -9*r - 10. Determine t(-4).
26
Let f(a) = -a**3 + 3*a**2 + 5*a - 1. Give f(4).
3
Let m(y) = 3*y**3 - 15*y**2 + 9*y - 2. What is m(4)?
-14
Let i(b) = -4*b - 4. Determine i(-10).
36
Let u(w) = -19*w + 1. What is u(1)?
-18
Let h(w) = -w**3 - 9*w**2 + 5*w - 11. Calculate h(-8).
-115
Let a(j) = -3*j + 47. Calculate a(13).
8
Let u(j) = 2*j**2 - 3*j + 3. What is u(4)?
23
Let x(r) = -12*r**2 - 2*r + 2. Give x(1).
-12
Let b(l) = -10*l**2 + 39*l - 1. Determine b(4).
-5
Let z(b) = 8*b**2 + 82*b - 83. Give z(1).
7
Let y(g) = 10*g + 49. Give y(-6).
-11
Let p(j) = -28*j - 224. What is p(-10)?
56
Let y(c) = -6*c - 3. What is y(-8)?
45
Let a(v) = 2*v**3 - v. Calculate a(2).
14
Let g(b) = -89*b - 271. What is g(-3)?
-4
Let o(p) = p**2 - 34*p + 143. Give o(29).
-2
Let s(b) = -b**3 + 6*b**2 + 4*b + 1. What is s(7)?
-20
Let b(q) = -q**3 - 10*q**2 + 4*q - 2. Give b(-10).
-42
Let k(m) = m**3 + 6*m**2 - 6*m - 15. Give k(-7).
-22
Let l(h) = h + 11. Calculate l(-23).
-12
Let i(b) = -42*b**3 - 2*b**2 + 3*b - 1. Calculate i(1).
-42
Let j(p) = -3*p**2 - 23*p + 9. Determine j(-9).
-27
Let b(l) = 8*l**3 + 2*l**2 - 2*l + 1. Determine b(1).
9
Let o(j) = -5*j**3 - 44*j**2 + 8*j + 12. Calculate o(-9).
21
Let x(w) = -3*w - 4. What is x(5)?
-19
Let o(i) = i**3 - 6*i**2 - 6*i + 1. What is o(7)?
8
Let f(n) = n**2 - 23*n + 55. What is f(16)?
-57
Let k(i) = 3*i + 13. Calculate k(0).
13
Let b(d) = -22*d**3 + 2*d**2 + d. What is b(-1)?
23
Let z(d) = -3*d + 45. What is z(0)?
45
Let w(j) = 2*j + 59. What is w(-34)?
-9
Let z(u) = u - 6. What is z(9)?
3
Let a(u) = -5*u**2 + 72*u + 12. Determine a(14).
40
Let q(z) = 3*z + 17. Give q(-5).
2
Let k(l) = -5*l + 2. Give k(3).
-13
Let b(l) = -l**3 - 5*l**2 - 2*l + 1. Calculate b(-2).
-7
Let t(w) = w**3 + 30*w**2 - 30*w + 32. What is t(-31)?
1
Let z(w) = w**2 - 4*w - 4. Calculate z(5).
1
Let i(j) = 18*j + 21. Calculate i(-4).
-51
Let d(x) = x - 2. Give d(2).
0
Let w(c) = 7*c - 20. What is w(6)?
22
Let p(z) = 2*z**2 + 9*z - 26. Determine p(3).
19
Let u(n) = n**2 + 2*n - 3. Determine u(-5).
12
Let b(v) = -2*v**3 - 2*v**2 - v. What is b(-1)?
1
Let b(u) = 6*u - 189. Determine b(33).
9
Let i(x) = x**2 - 6*x. Calculate i(4).
-8
Let m(p) = -p**3 - 39*p**2 + 42*p + 76. Give m(-40).
-4
Let h(m) = -8*m - 85. Give h(-9).
-13
Let j(f) = -2*f**2 - 3*f - 3. What is j(-2)?
-5
Let w(j) = -3*j**3 - 11*j + 11. Calculate w(1).
-3
Let j(s) = 9*s - 10. Calculate j(-2).
-28
Let r(t) = -3*t**3 - 8*t**2 - 3*t + 4. Determine r(-2).
2
Let t(x) = x**2 + x - 33. Determine t(6).
9
Let h(v) = -42*v**2 - 7*v + 7. Give h(1).
-42
Let m(q) = -q + 11. Calculate m(13).
-2
Let w(r) = -r**2 + 2*r + 17. Determine w(5).
2
Let a(t) = -t**2 - 10*t - 11. Calculate a(-8).
5
Let k(a) = -a**2 - 14*a - 46. What is k(-9)?
-1
Let g(l) = 7*l + 7. Give g(3).
28
Let f(s) = 8*s - 21. What is f(3)?
3
Let n(m) = 4*m + 13. Determine n(-7).
-15
Let n(b) = -b**2 + 3*b - 29. Give n(0).
-29
Let j(h) = -h + 6. Give j(-8).
14
Let c(o) = -28*o + 91. Determine c(3).
7
Let z(q) = 41*q - 5. What is z(1)?
36
Let m(k) = k**3 + 4*k**2 - 12*k - 50. What is m(-4)?
-2
Let i(r) = -302*r - 3621. Give i(-12).
3
Let q(u) = 26*u**2 - 2*u + 1. What is q(1)?
25
Let o(l) = -l**2 - 9*l - 4. Calculate o(-8).
4
Let f(b) = 6*b + 3. Calculate f(-1).
-3
Let x(l) = -l**3 - 5*l**2 + 15*l + 9. Determine x(-8).
81
Let n(l) = 2*l**2 + 2*l + 3. Determine n(3).
27
Let i(q) = -2*q - 8. What is i(0)?
-8
Let j(x) = -x**3 - 56*x**2 - 110*x - 116. Calculate j(-54).
-8
Let j(m) = -2*m**2 + 25*m - 28. Calculate j(14).
-70
Let h(j) = 19*j**3 + 2*j - 2. Calculate h(1).
19
Let i(s) = -s**2 - s - 4. Determine i(0).
-4
Let i(p) = p**2 - 13*p + 21. Determine i(8).
-19
Let o(g) = -g**2 - 20*g - 21. Give o(-20).
-21
Let c(y) = 3*y + 10. Determine c(-13).
-29
Let v(j) = -3*j**3 + j**2 + 9*j + 2. Determine v(4).
-138
Let g(i) = 3*i**2 + 15*i - 36. Calculate g(-8).
36
Let y(c) = c**2 + 4*c + 48. Determine y(0).
48
Let z(n) = -2*n**2 - 24*n - 16. What is z(-12)?
-16
Let u(b) = -b**3 + 2*b**2 + b + 5. Calculate u(2).
7
Let z(d) = -2*d. Determine z(-5).
10
Let q(b) = -b - 6. What is q(-18)?
12
Let f(g) = 6*g + 46. Calculate f(-8).
-2
Let h(v) = v**3 - 14*v**2 + 21*v + 14. Give h(12).
-22
Let x(r) = -10*r - 1. What is x(-3)?
29
Let m(j) = j**3 + 7*j**2 + 2*j - 2. Give m(-6).
22
Let n(v) = v**3 + 7*v**2 + 6*v + 6. Determine n(-6).
6
Let c(r) = r**2 - r - 67. Calculate c(-8).
5
Let k(i) = 3*i**2 + 2. Determine k(1).
5
Let p(a) = a**2 + 12*a - 34. Give p(-15).
11
Let y(q) = -2*q**3 + 20*q**2 + 51*q - 28. Determine y(12).
8
Let b(d) = -d**3 + 21*d**2 - 21*d + 35. Give b(20).
15
Let v(l) = -4*l + 8. Determine v(0).
8
Let h(f) = f**3 - 4*f**2 + 3*f - 3. Determine h(4).
9
Let x(y) = 4*y**3 + 12*y**2 + 5*y + 3. Determine x(-3).
-12
Let w(f) = -f + 5. Give w(3).
2
Let w(r) = r**2 + 14*r - 2. Calculate w(-12).
-26
Let q(c) = c**3 - 12*c**2 - c + 2. What is q(12)?
-10
Let c(h) = 2*h**3 - 6*h**2 + 2*h - 5. What is c(3)?
1
Let m(j) = -j**3 - j + 3. Give m(2).
-7
Let t(n) = 5*n + 28. Determine t(9).
73
Let w(y) = -y**2 - 10*y - 14. Determine w(-8).
2
Let s(u) = -2*u + 5. Give s(0).
5
Let y(s) = -10*s - 1. Calculate y(-4).
39
Let g(m) = 2*m**2 + 11*m - 1. Determine g(-4).
-13
Let z(v) = 4*v - 31. Determine z(14).
25
Let a(r) = -r**3 - 14*r**2 - 13*r + 6. Give a(-13).
6
Let z(q) = -q**3 + 8*q**2 + 7*q - 19. What is z(9)?
-37
Let r(n) = 4*n + 125. What is r(-32)?
-3
Let y(c) = c**2 + 17*c - 34. Determine y(-16).
-50
Let a(z) = -2*z**2 + z + 16. Give a(-5).
-39
Let d(x) = x + 30. Give d(-37).
-7
Let h(d) = -d**2 + 9*d + 11. What is h(14)?
-59
Let g(x) = -2*x**2 + 32*x - 10. Determine g(10).
110
Let o(j) = 4*j + 107. Determine o(-27).
-1
Let r(i) = -i**3 - 5*i**2 + 9*i + 7. Give r(-6).
-11
Let x(f) = -f**3 + 7*f**2 - 3*f - 6. What is x(6)?
12
Let s(r) = r**3 - 6*r**2 + 5*r + 1. Determine s(5).
1
Let r(s) = 2*s**2 + 2*s - 4. Calculate r(3).
20
Let m(r) = -3*r**2 + 39*r + 7. Give m(13).
7
Let t(b) = -b**3 + 7*b**2 - b + 3. What is t(6)?
33
Let b(i) = i**2 + 40*i - 503. What is b(10)?
-3
Let f(l) = 2*l**2 + 3*l - 2. Give f(2).
12
Let k(p) = 2*p**2 - p - 5. Calculate k(5).
40
Let v(b) = b**3 + 7*b**2 - b - 53. What is v(-6)?
-11
Let w(t) = -t - 5. Give w(-13).
8
Let j(f) = -f**3 + 8*f**2 + 13*f - 2. What is j(9)?
34
Let l(p) = p**3 + 7*p**2 + 4*p + 6. Determine l(-7).
-22
Let z(y) = y**2 + 18*y + 20. Give z(-17).
3
Let a(z) = z**2 - 24*z + 79. What is a(21)?
16
Let d(v) = 46*v + 34. Determine d(4).
218
Let v(y) = -2*y**2 + 4*y - 3. Calculate v(4).
-19
Let m(l) = -3*l**2 + 15*l + 1. Calculate m(6).
-17
Let g(q) = q**3 + 5*q**2 + 2*q - 4. Determine g(-3).
8
Let r(j) = 6*j**3 - 5*j - 1. What is r(-2)?
-39
Let a(n) = 5*n + 2. What is a(0)?
2
Let c(r) = 2*r**3 - 4*r**2 + r - 8. Calculate c(4).
60
Let u(v) = -21*v - 11. Determine u(-3).
52
Let u(q) = -q**3 - 3*q**2 + 5*q - 2. Give u(-4).
-6
Let j(k) = -k**3 - 3*k**2 - 7. Give j(-4).
9
Let k(c) = c**2 + c - 8. Determine k(3).